{"id":235,"date":"2012-01-08T00:28:39","date_gmt":"2012-01-08T00:28:39","guid":{"rendered":"http:\/\/at.rechtsinfokollektiv.org\/?page_id=235"},"modified":"2012-01-08T00:28:39","modified_gmt":"2012-01-08T00:28:39","slug":"auf-der-demo-selbst-filmen-und-fotografieren","status":"publish","type":"page","link":"https:\/\/at.rechtsinfokollektiv.org\/?page_id=235","title":{"rendered":"Auf der Demo selbst filmen und fotografieren"},"content":{"rendered":"<p>Auf einer <a title=\"Was ist eine Versammlung nach dem Versammlungsgesetz?\" href=\"http:\/\/at.rechtsinfokollektiv.org\/rechtsinfo\/organisation\/vor-der-demo-organisation\/was-ist-eine-versammlung-nach-dem-versammlungsgesetz\/\" target=\"_blank\">Demo<\/a> zu fotografieren und zu filmen kann andere in Gefahr bringen und hat seine Vor- und Nachteile. Wiege diese gut miteinander ab, wenn du vor hast eine Kamera auf Demos mitzunehmen und zu verwenden.<\/p>\n<p><strong>Kein Ort f\u00fcr Erinnerungsfotos<\/strong><\/p>\n<p>Demos und Aktionen sind kein Ort f\u00fcr Erinnerungsfotos! Fotos oder Videos, die du als Erinnerungsfotos machst, um sie sp\u00e4ter auf Facebook zu stellen, sind nicht nur f\u00fcr dich, sondern auch f\u00fcr alle anderen Demoteilnehmer_innen gef\u00e4hrlich.<\/p>\n<p>Ein solches Verhalten hat bei einer politischen Aktion nichts verloren. Viele Menschen sind nicht einverstanden, auf einer Demonstration gefilmt oder fotografiert zu werden und wollen noch weniger ihr Bild im Internet wieder finden. Respektiere das und fotografiere bitte nur Menschen, die damit einverstanden sind! Bei Fotos\/Filmen von der ganzen Demo wird dies nie der Fall sein! Bedenke stets, dass Repressionen und \u00dcberwachung st\u00e4ndig zunehmen. Der Verfassungsschutz liest auch auf Facebook, Twitter, Myspace etc. mit und interessiert sich daf\u00fcr, wer auf linke Demos geht &#8211; auch wenn auf dem Foto\/Film gar nichts Strafbares zu sehen ist. Um so mehr Fotos\/Videos unreflektiert ver\u00f6ffentlicht werden, um so leichter hat es daher die Polizei, linke Strukturen zu durchschauen.<\/p>\n<p><strong>Ver\u00f6ffentlichung? &#8211; Anonymisierung auf Fotos\/Videos<\/strong><\/p>\n<p>Solltest du dennoch gute Gr\u00fcnde haben, das Material ohne Einverst\u00e4ndnis der Betroffenen zu ver\u00f6ffentlichen, geh sicher, dass du jedenfalls ihre Gesichter, aber auch Kleidung und sonstige Erkennungsmerkmale unkenntlich machst! (verpixeln, schwarze Balken, Smileys, etc.). Beachte auch, dass du Metadaten vor einer Ver\u00f6ffentlichung von den Fotos\/Videos herunter l\u00f6scht. Metadaten sind Informationen, welche ebenfalls auf dem Foto gespeichert werden und wodurch Dir das Material zugeordnet werden kann. (Kameramodell, Uhrzeit, Belichtung, gegebenfalls sogar der Ort,&#8230;) N\u00e4heres dazu findest Du im Artikel Metadaten (Gerade in Arbeit, kommt noch).<\/p>\n<p><strong>Polizei filmen\/fotografieren<\/strong><\/p>\n<p>Solltest du Material besitzen, dass du zur Entlastung von AktivistInnen verwenden m\u00f6chtest, solltest du die Ver\u00f6ffentlichung gegebenfalls mit einer\/der <a title=\"Rechtshilfe\" href=\"http:\/\/at.rechtsinfokollektiv.org\/rechtsinfo\/demo-teilnahme\/bei-der-demo-demo-teilnahme\/rechtshilfe\/\" target=\"_blank\">Rechtshilfe<\/a> absprechen. Denn diese kann meistens besser absch\u00e4tzen, ob eine Ver\u00f6ffentlichung (jetzt schon bzw. \u00fcberhaupt) Sinn macht oder eventuell gef\u00e4hrlich sein kann. Bedenke: Umso fr\u00fcher die Polizei an entlastentes Material rankommt, umso l\u00e4nger haben sie Zeit, Gegenargumente zu finden. \u00d6fters wurde scheinbar entlastentes Material auch schon gegen Betroffene oder auch andere Demoteilnehmer_innen verwendet. Im Optimalfall ist die Rechtshilfe auch mit der betroffenen Person\/den betroffenen Personen in Kontakt und es kann somit sicher gegangen werden, dass diese ebenfalls mit der Ver\u00f6ffentlichung einverstanden ist\/sind.<\/p>\n<p>Bei \u00dcbergriffen der Polizei zu filmen, kann den Vorteil haben, dass Polizist_innen sich gar nicht erst trauen, so brutale Vorgangsweisen an den Tag zu legen, wie sie es vielleicht t\u00e4ten, wenn sie unbeobachtet w\u00e4ren. Au\u00dferdem hilft es, bei ungesetzlicher Vorgehensweise durch die Polizei, daf\u00fcr eine \u00d6ffentlichkeit zu schaffen. Das Material kann als Beweis verwendet und die Polizei somit unter Druck gesetzt werden.<\/p>\n<p><strong>Selbstschutz<\/strong><\/p>\n<p>Der Polizei das Gef\u00fchl zu geben, niemals unbeobachtet zu sein, kann dich und deine Freund_innen unter Umst\u00e4nden sch\u00fctzen. Jedoch solltest du auch immer daran denken, dass du mit einer Kamera in der Hand den Repressionsorganen unangenehm auffallen k\u00f6nntest und damit zur Zielscheibe werden kannst. Sei also beim Filmen von \u00dcbergriffen vor Allem auf deine eigene Sicherheit bedacht. Am besten ist es, eine <a title=\"Bezugsgruppen\" href=\"http:\/\/at.rechtsinfokollektiv.org\/rechtsinfo\/demo-teilnahme\/vor-der-demo-demo-teilnahme\/bezugsgruppen\/\" target=\"_blank\">Bezugsgruppe<\/a> dabei zu haben, welche f\u00fcr dich die \u00dcbersicht (mit)beh\u00e4lt und dich auch von der Polizei abschirmt, damit du dich auf das Filmen konzentrieren kannst. Begib dich nicht unn\u00f6tig in Gefahr, achte darauf, dass die Aufnahme nicht zu wackelig wird und vermeide unn\u00f6tiges Zoomen. Das blo\u00dfe Filmen der Polizei ist weder strafbar noch verboten. Beachte jedoch, dass die Polizei das Recht hat, dich wegzuweisen, wenn du durch das Filmen\/ Fotografieren die Amtshandlung behinderst.<\/p>\n<p><strong>Beschlagnahme<\/strong><\/p>\n<p>Wenn du filmst\/fotografierst, bedenke, dass die M\u00f6glichkeit einer <a title=\"Durchsuchung und Beschlagnahmung\" href=\"http:\/\/at.rechtsinfokollektiv.org\/rechtsinfo\/demo-teilnahme\/was-darf-die-polizei\/durchsuchung-und-beschlagnahmung\/\" target=\"_blank\">Beschlagnahmung<\/a> besteht (zB bei einer <a title=\"Festnahme\" href=\"http:\/\/at.rechtsinfokollektiv.org\/rechtsinfo\/demo-teilnahme\/was-darf-die-polizei\/festnahme\/\" target=\"_blank\">Festnahme<\/a>). In diesem Fall kann die Polizei dein Material unzensiert verwenden. Das kann Mitdemonstrant_innen in Gefahr bringen. Sofern Du dazu noch Zeit hast, kannst du die Speicherkarte aus der Kamera heraus nehmen und verstecken oder sonst los werden. Solltest Du merken, dass die Polizei bereits gezielt auf dich\/euch zusteuert, gib die Kamera &#8211; falls m\u00f6glich &#8211; unbemerkt einer Person deines Vertrauens und verschwindet beide so schnell wie m\u00f6glich.<\/p>\n<p>Nach der Demo sollten digitale Daten in einem verschl\u00fcsselten Ordner kopiert werden und der Rest sicher gel\u00f6scht werden. Physische Datentr\u00e4ger (analoge, zB Videokasetten, tapes) sollten ebenfalls sicher aufbewahrt werden.<\/p>\n<p><em>Zum Weiterlesen: <a title=\"Medienaktvismus auf Demos\/Aktionen\" href=\"https:\/\/at.indymedia.org\/node\/22082\" target=\"_blank\">at.indymedia.org: Medienaktivismus auf Demos\/Aktionen<\/a><\/em><\/p>\n","protected":false},"excerpt":{"rendered":"<p>Auf einer Demo zu fotografieren und zu filmen kann andere in Gefahr bringen und hat seine Vor- und Nachteile. Wiege diese gut miteinander ab, wenn du vor hast eine Kamera auf Demos mitzunehmen und zu verwenden. Kein Ort f\u00fcr Erinnerungsfotos Demos und Aktionen sind kein Ort f\u00fcr Erinnerungsfotos! Fotos oder Videos, die du als Erinnerungsfotos &hellip; <a href=\"https:\/\/at.rechtsinfokollektiv.org\/?page_id=235\" class=\"more-link\"><span class=\"screen-reader-text\">Auf der Demo selbst filmen und fotografieren<\/span> weiterlesen <span class=\"meta-nav\">&rarr;<\/span><\/a><\/p>\n","protected":false},"author":1,"featured_media":0,"parent":187,"menu_order":0,"comment_status":"open","ping_status":"open","template":"","meta":{"footnotes":""},"class_list":["post-235","page","type-page","status-publish","hentry"],"_links":{"self":[{"href":"https:\/\/at.rechtsinfokollektiv.org\/index.php?rest_route=\/wp\/v2\/pages\/235","targetHints":{"allow":["GET"]}}],"collection":[{"href":"https:\/\/at.rechtsinfokollektiv.org\/index.php?rest_route=\/wp\/v2\/pages"}],"about":[{"href":"https:\/\/at.rechtsinfokollektiv.org\/index.php?rest_route=\/wp\/v2\/types\/page"}],"author":[{"embeddable":true,"href":"https:\/\/at.rechtsinfokollektiv.org\/index.php?rest_route=\/wp\/v2\/users\/1"}],"replies":[{"embeddable":true,"href":"https:\/\/at.rechtsinfokollektiv.org\/index.php?rest_route=%2Fwp%2Fv2%2Fcomments&post=235"}],"version-history":[{"count":0,"href":"https:\/\/at.rechtsinfokollektiv.org\/index.php?rest_route=\/wp\/v2\/pages\/235\/revisions"}],"up":[{"embeddable":true,"href":"https:\/\/at.rechtsinfokollektiv.org\/index.php?rest_route=\/wp\/v2\/pages\/187"}],"wp:attachment":[{"href":"https:\/\/at.rechtsinfokollektiv.org\/index.php?rest_route=%2Fwp%2Fv2%2Fmedia&parent=235"}],"curies":[{"name":"wp","href":"https:\/\/api.w.org\/{rel}","templated":true}]}}