{"id":2355,"date":"2015-07-14T16:26:02","date_gmt":"2015-07-14T16:26:02","guid":{"rendered":"http:\/\/at.rechtsinfokollektiv.org\/?page_id=2355"},"modified":"2020-04-25T16:21:53","modified_gmt":"2020-04-25T14:21:53","slug":"akteneinsicht","status":"publish","type":"page","link":"https:\/\/at.rechtsinfokollektiv.org\/?page_id=2355","title":{"rendered":"Akteneinsicht"},"content":{"rendered":"<p style=\"text-align: justify;\">Die Akten k\u00f6nnen bei der Polizei, der Staatsanwaltschaft oder bei Gericht liegen. Meist dort, von wo du den letzten auf dein Verfahren bezogenen Brief erhalten hast.<\/p>\n<p style=\"text-align: justify;\">Manchmal muss ein bisschen herumtelefonieren werden, um herauszufinden, wo sich der Akt befindet.<\/p>\n<p style=\"text-align: justify;\">Bedenke aber, dass die Polizei\/Staatsanwaltschaft\/das Gericht dann deine Telefonnummer hat. Benutze deswegen lieber eine Telefonzelle! Geh nicht leichtfertig mit deinen Daten um!<\/p>\n<p style=\"text-align: justify;\">Akteneinsicht kannst du ganz einfach verlangen, indem du der Beh\u00f6rde\/dem Gericht ein<span style=\"color: #000000;\"> Fax\/einen eingeschriebenen Brief mit folgendem Text zusendest:<b> \u201eIch stelle hiermit den Antrag auf ungek\u00fcrzte Akteneinsicht in betreffendem Verfahren (Aktenzahl)\u201c + Unterschrift.<\/b> Die Aktenzahl oder auch Gesch\u00e4<\/span>ftszahl steht meist links oben auf dem Brief\/Zettel, den du erhalten hast und f\u00e4ngt mit \u201eGZ&#8230;\u201c oder \u201eAZ&#8230;\u201c an. Du kannst statt dem schriftlichen Antrag auch anrufen.<\/p>\n<p style=\"text-align: justify;\">Es gibt nun drei M\u00f6glichkeiten. Erstens, die Beh\u00f6rde sendet dir die Akten zu. Das ist in Wien bei Verwaltungsstrafverfahren aktuell g\u00e4ngige Praxis der Polizei (oft schickt sie die Akten gemeinsam mit einer <a title=\"Aufforderung zur Rechtfertigung\" href=\"https:\/\/at.rechtsinfokollektiv.org\/?page_id=2151\">\u201e<span style=\"text-decoration: underline;\">Aufforderung zur Rechtfertigung<\/span>\u201c<\/a>). Zweitens, die Beh\u00f6rde sendet dir eine Genehmigung der Akteneinsicht zu. Manchmal sendet sie dir dann auch gleich einen Termin zu an dem du kommen kannst, den kannst du auf jeden Fall auch verschieben. Du kannst auch einfach hingehen. Drittens, die Beh\u00f6rde sendet dir gar nichts zu und geht davon aus, dass mit dem gestellten Antrag dieser automatisch als genehmigt gilt<span style=\"color: #000000;\">. Gehe deshalb nach einiger Zeit einfach zur Polizei und nimm Akteneinsicht. Nimm sicherheitshalber eine Kopie des Antrags mit, f\u00fcr den Fall, dass es Probleme gibt. Lass dich nicht einsch\u00fcchtern und zu einer Aussage<\/span> dr\u00e4ngen! Du brauchst auc<span style=\"color: #000000;\">h<strong> keine_n Anw\u00e4lt_in<\/strong> u<\/span>m Akteneinsicht zu machen!<\/p>\n<p style=\"text-align: justify;\">Wenn man die Aktenzahl nicht kennt, kann man probieren Akteneinsicht zu bekommen, es kann aber schwierig werden.<\/p>\n<p style=\"text-align: justify;\">Wenn du die Akten nicht zugeschickt bekommst, sondern direkt hingehen musst, nimm eine <b>Kamera<\/b> zum Abfotografieren der Akten mit, weil das Kopieren am Gericht oder bei der Polizei <b>pro Kopie um die 60 Cent koste<\/b><b>n kann. Vorm kopieren lassen\/kopieren einfach fragen, ob es was kostet. Wenn du die Akten mit deiner Kamera abfotografierst, muss das gratis sein.<br \/>\n<\/b><\/p>\n<p style=\"text-align: justify;\"><span style=\"color: #000000;\">In der Regel<\/span><span style=\"color: #000000;\"> hat <\/span>die beschuldigte Person das Recht auf vollst\u00e4ndige Akteneinsicht. Wenn direkt zur Beh\u00f6rde gegegangen wird, kann evtl. besser \u00fcberpr\u00fcft werden, ob die Akten vollst\u00e4ndig sind. Eine Garantie gibt es jedoch nie. Besonders Videomaterial von Landesamt f\u00fcr Verfassungsschutz und Polizei wird oft nicht hergegeben oder wenn, dann in stark gek\u00fcrzter Form. (<a href=\"https:\/\/www.ris.bka.gv.at\/eli\/bgbl\/1991\/51\/P17\/NOR40148215\">\u00a717 AVG,<\/a> <a href=\"https:\/\/www.ris.bka.gv.at\/eli\/bgbl\/1975\/631\/P51\/NOR40050510\">\u00a7\u00a7 51<\/a>, <a href=\"https:\/\/www.ris.bka.gv.at\/eli\/bgbl\/1975\/631\/P52\/NOR40153714\">52 StPO<\/a>)<\/p>\n<p style=\"text-align: justify;\">Es kann sich auszahlen, \u00f6fters Akteneinsicht zu nehmen, besonders bei l\u00e4ngeren Verfahren. Manchmal kommen noch Akten hinzu. Insbesondere kurz vor Prozessbeginn sollte mensch noch einmal Einsicht nehmen.<\/p>\n","protected":false},"excerpt":{"rendered":"<p>Die Akten k\u00f6nnen bei der Polizei, der Staatsanwaltschaft oder bei Gericht liegen. Meist dort, von wo du den letzten auf dein Verfahren bezogenen Brief erhalten hast. Manchmal muss ein bisschen herumtelefonieren werden, um herauszufinden, wo sich der Akt befindet. Bedenke aber, dass die Polizei\/Staatsanwaltschaft\/das Gericht dann deine Telefonnummer hat. Benutze deswegen lieber eine Telefonzelle! Geh &hellip; <a href=\"https:\/\/at.rechtsinfokollektiv.org\/?page_id=2355\" class=\"more-link\"><span class=\"screen-reader-text\">Akteneinsicht<\/span> weiterlesen <span class=\"meta-nav\">&rarr;<\/span><\/a><\/p>\n","protected":false},"author":1,"featured_media":0,"parent":2127,"menu_order":8,"comment_status":"closed","ping_status":"closed","template":"","meta":{"footnotes":""},"class_list":["post-2355","page","type-page","status-publish","hentry"],"_links":{"self":[{"href":"https:\/\/at.rechtsinfokollektiv.org\/index.php?rest_route=\/wp\/v2\/pages\/2355","targetHints":{"allow":["GET"]}}],"collection":[{"href":"https:\/\/at.rechtsinfokollektiv.org\/index.php?rest_route=\/wp\/v2\/pages"}],"about":[{"href":"https:\/\/at.rechtsinfokollektiv.org\/index.php?rest_route=\/wp\/v2\/types\/page"}],"author":[{"embeddable":true,"href":"https:\/\/at.rechtsinfokollektiv.org\/index.php?rest_route=\/wp\/v2\/users\/1"}],"replies":[{"embeddable":true,"href":"https:\/\/at.rechtsinfokollektiv.org\/index.php?rest_route=%2Fwp%2Fv2%2Fcomments&post=2355"}],"version-history":[{"count":4,"href":"https:\/\/at.rechtsinfokollektiv.org\/index.php?rest_route=\/wp\/v2\/pages\/2355\/revisions"}],"predecessor-version":[{"id":2932,"href":"https:\/\/at.rechtsinfokollektiv.org\/index.php?rest_route=\/wp\/v2\/pages\/2355\/revisions\/2932"}],"up":[{"embeddable":true,"href":"https:\/\/at.rechtsinfokollektiv.org\/index.php?rest_route=\/wp\/v2\/pages\/2127"}],"wp:attachment":[{"href":"https:\/\/at.rechtsinfokollektiv.org\/index.php?rest_route=%2Fwp%2Fv2%2Fmedia&parent=2355"}],"curies":[{"name":"wp","href":"https:\/\/api.w.org\/{rel}","templated":true}]}}