{"id":3412,"date":"2021-12-08T19:34:22","date_gmt":"2021-12-08T18:34:22","guid":{"rendered":"https:\/\/at.rechtsinfokollektiv.org\/?page_id=3412"},"modified":"2021-12-08T19:36:14","modified_gmt":"2021-12-08T18:36:14","slug":"hausdurchsuchungen","status":"publish","type":"page","link":"https:\/\/at.rechtsinfokollektiv.org\/?page_id=3412","title":{"rendered":"Hausdurchsuchungen"},"content":{"rendered":"\n<p>Bei Hausdurchsuchungen unterscheidet das Gesetz zwischen zwei verschiedenen F\u00e4llen: Einerseits Durchsuchungen von R\u00e4umen, die vom Hausrecht gesch\u00fctzt sind, d.h. einerseits Wohnr\u00e4ume und andere wie z.B. Garagen oder Keller. Bei Fahrzeugen kommt es darauf an, ob sie als Wohnraum genutzt werden oder nicht. Der folgende Text behandelt nur die Durchsuchung von Wohnr\u00e4umen. \u00a0 <\/p>\n\n\n\n<p><strong>Rechtliche Grundlagen<\/strong> <\/p>\n\n\n\n<p>Als Grund f\u00fcr Hausdurchsuchungen nennt die Strafprozessordnung einerseits das Sicherstellen von Spuren einer Straftat (z.B. Drogen, Waffen, Spraydosen&#8230;) und andererseits das Auffinden einer Person die verd\u00e4chtigt wirdeine Straftat begangen zu haben (\u00a7119 StPO). Dabei muss ein konkreter Verdacht vorliegen und das gesuchte Objekt klar definiert sein.<\/p>\n\n\n\n<p>Eine Hausdurchsuchung bei der nicht im Vorhinein klar ist, was gesucht wird, ist daher rechtlich nicht zul\u00e4ssig.Allerdings zeigt die Rechtssprechung des Verfassungsgerichtshofs, dass eine anonyme Anzeige oder Informationen einer Vertrauensperson daf\u00fcr unter Umst\u00e4nden schon gen\u00fcgt, insofern l\u00e4sst sich eine Durchsuchung juristisch relativ einfach rechtfertigen. \u00a0Der Regelfall ist eine Hausdurchsuchung, die von der Staatsanwaltschaft angeordnet und au\u00dferdem von einem Gericht bewilligt ist. Diese gerichtliche Bewilligung muss schriftlich vorliegen. Es ist aber rechtlich auch zul\u00e4ssig, diese Bewilligung bis zu 24 Stunden nach der Durchsuchung nachzureichen. Wenn die Polizei allerdings \u201eGefahr im Verzug\u201c zu erkennen glaubt, kann die Hausdurchsuchung auch vorerst ohne diese Bewilligungen vorgenommen werden (\u00a7122 StPO). Gefahr im Verzug liegt vor, wenn das Beantragen der Bewilligungen die Ermittlungen gef\u00e4hrden w\u00fcrde, etwa weil der \u201e\u00dcberraschungseffekt\u201c wegfallen w\u00fcrde und die betroffene Person fl\u00fcchten oder die Spuren vernichten k\u00f6nnte. Anders ist es auch, wenn die Hausdurchsuchung mit dem Fremdenpolizeigesetz begr\u00fcndet wird: Wird argumentiert, dass Personen ohne g\u00fcltigen Aufenthaltstitel in der Wohnung sind, darf die Polizei ohne Bewilligung von sich aus in privaten R\u00e4umen nach diesen Personen suchen, au\u00dferdem wenn vermutet wird, dass mutma\u00dflich \u201eGeschleppte\u201c in der Wohnung sind oder gegen das Prostitutionsgesetz versto\u00dfen wird (\u00a736 FPG). \u00a0 <\/p>\n\n\n\n<p><strong>Was tun?<\/strong> <\/p>\n\n\n\n<p>Trotz alledem macht es Sinn, die Polizei nicht einfach in die Wohnung zu lassen und auf die schriftliche Bewilligung zu beharren. In dieser muss auch angegeben sein, was genau gesucht wird und f\u00fcr welche R\u00e4ume\/Wohnung sie ausgestellt wurde. Andere R\u00e4ume als die angegebenen d\u00fcrfen nicht durchsucht werden.Wenn das gesuchte Objekt gefunden wurde, muss die Durchsuchung beendet werden. Namensschilder an den Zimmert\u00fcren machen in WGs insofern Sinn, als dass nicht einfach alle R\u00e4ume durchsucht werden k\u00f6nnen, wenn es nur eine Bewilligung f\u00fcr das Zimmer einer konkreten Person gibt. Wichtig ist auch wenn m\u00f6glich vor Zeug_innen zu sagen, dass die Polizei nicht freiwillig zur Durchsuchung in die Wohnung gelassen wird.Ansonsten k\u00f6nnen die Beamten nachher bei einer m\u00f6glichen Beschwerde gegen die Durchsuchung argumentieren, dass es sich um keine erzwungene Ma\u00dfnahme gehandelt hat.Eine Beschwerde kann aber nicht dazu f\u00fchren, dass Beweise, die bei einer rechtswidrigen Hausdurchsuchung gefunden wurden, nicht verwertet werden d\u00fcrfen; in \u00d6sterreich gibt es kein Beweisverwertungsverbot. \u00a0 Als betroffene Person hast du -au\u00dfer es liegt laut Polizei \u201eGefahr im Verzug\u201c vor-\u00a0 gesetzlich vorgeschriebene Rechte (\u00a7122 StPO) gegen\u00fcber den Beamt_innen . <\/p>\n\n\n\n<p>Dazu geh\u00f6rt \u00a0<\/p>\n\n\n\n<ul class=\"wp-block-list\"><li>den Grund f\u00fcr die Durchsuchung zu erfahren<\/li><\/ul>\n\n\n\n<ul class=\"wp-block-list\"><li>bei der Durchsuchung selbst anwesend zu sein<\/li><\/ul>\n\n\n\n<ul class=\"wp-block-list\"><li>eine Vertrauensperson beizuziehen (selbst verd\u00e4chtigte Personen oder potentielle Zeug_innen k\u00f6nnen ausgeschlossen werde<\/li><\/ul>\n\n\n\n<p>&nbsp; Grunds\u00e4tzlich ist es den Cops auch erlaubt, T\u00fcren aufzubrechen, wenn sie das f\u00fcr die Ermittlungen als notwendig erachten oder sie nicht in die Wohnung gelassen werden. Ersatz bekommt mensch daf\u00fcr in der Regel nicht. Wenn du als Betroffene_r nicht anwesend bist, kann auch verlangt werden, dass ein_e erwachsene_r Mitbewohner_in dein Recht auf Anwesenheit aus\u00fcbt. &nbsp; Alles in allem ist eine Hausdurchsuchung also relativ leicht zu rechtfertigen, vor allem wenn mit \u201eGefahr im Verzug\u201c argumentiert wird. Einige Dinge kann mensch aber trotzdem beachten: &nbsp;&nbsp;<\/p>\n\n\n\n<ul class=\"wp-block-list\"><li>Die Polizei nicht einfach&nbsp; reinlassen, sondern versuchen, sie abzuwimmeln (kannst): Was wollen sie? Woist die gerichtliche Bewilligung? Was\/wen suchen sie? WelchenVerdacht haben sie und wie begr\u00fcnden sie ihn?<\/li><\/ul>\n\n\n\n<ul class=\"wp-block-list\"><li>Darauf bestehen, dass eine&nbsp; Vertrauensperson dabei sein kann, im Notfall am Handy mith\u00f6ren lassen<\/li><\/ul>\n\n\n\n<ul class=\"wp-block-list\"><li>darauf achten, dass sie &#8211; wenn \u00fcberhaupt &#8211; nur die R\u00e4ume durchsuchen, die bewilligt sind und&nbsp; aufh\u00f6ren, wenn sie was sie suchen gefunden haben<\/li><\/ul>\n\n\n\n<ul class=\"wp-block-list\"><li>mit Fotos, Video etc. dokumentieren, was sie machen<\/li><\/ul>\n\n\n\n<ul class=\"wp-block-list\"><li>schon im Vorhinein \u00fcberlegen, wie du\/ihr in der WG mit solchen Situationen umgehen wollt, wer als Vertrauensperson in Frage kommt (Nachbar_innen?), Zimmer beschriften,<\/li><\/ul>\n\n\n\n<ul class=\"wp-block-list\"><li>wenn alles vorbei ist: ein Ged\u00e4chtnisprotokoll schreiben, versuchen runterzukommen, Antirep-Strukturen kontaktieren<\/li><\/ul>\n","protected":false},"excerpt":{"rendered":"<p>Bei Hausdurchsuchungen unterscheidet das Gesetz zwischen zwei verschiedenen F\u00e4llen: Einerseits Durchsuchungen von R\u00e4umen, die vom Hausrecht gesch\u00fctzt sind, d.h. einerseits Wohnr\u00e4ume und andere wie z.B. Garagen oder Keller. Bei Fahrzeugen kommt es darauf an, ob sie als Wohnraum genutzt werden oder nicht. Der folgende Text behandelt nur die Durchsuchung von Wohnr\u00e4umen. \u00a0 Rechtliche Grundlagen Als &hellip; <a href=\"https:\/\/at.rechtsinfokollektiv.org\/?page_id=3412\" class=\"more-link\"><span class=\"screen-reader-text\">Hausdurchsuchungen<\/span> weiterlesen <span class=\"meta-nav\">&rarr;<\/span><\/a><\/p>\n","protected":false},"author":1,"featured_media":0,"parent":0,"menu_order":0,"comment_status":"closed","ping_status":"closed","template":"","meta":{"footnotes":""},"class_list":["post-3412","page","type-page","status-publish","hentry"],"_links":{"self":[{"href":"https:\/\/at.rechtsinfokollektiv.org\/index.php?rest_route=\/wp\/v2\/pages\/3412","targetHints":{"allow":["GET"]}}],"collection":[{"href":"https:\/\/at.rechtsinfokollektiv.org\/index.php?rest_route=\/wp\/v2\/pages"}],"about":[{"href":"https:\/\/at.rechtsinfokollektiv.org\/index.php?rest_route=\/wp\/v2\/types\/page"}],"author":[{"embeddable":true,"href":"https:\/\/at.rechtsinfokollektiv.org\/index.php?rest_route=\/wp\/v2\/users\/1"}],"replies":[{"embeddable":true,"href":"https:\/\/at.rechtsinfokollektiv.org\/index.php?rest_route=%2Fwp%2Fv2%2Fcomments&post=3412"}],"version-history":[{"count":2,"href":"https:\/\/at.rechtsinfokollektiv.org\/index.php?rest_route=\/wp\/v2\/pages\/3412\/revisions"}],"predecessor-version":[{"id":3416,"href":"https:\/\/at.rechtsinfokollektiv.org\/index.php?rest_route=\/wp\/v2\/pages\/3412\/revisions\/3416"}],"wp:attachment":[{"href":"https:\/\/at.rechtsinfokollektiv.org\/index.php?rest_route=%2Fwp%2Fv2%2Fmedia&parent=3412"}],"curies":[{"name":"wp","href":"https:\/\/api.w.org\/{rel}","templated":true}]}}