{"id":440,"date":"2012-01-13T15:37:44","date_gmt":"2012-01-13T15:37:44","guid":{"rendered":"http:\/\/at.rechtsinfokollektiv.org\/?page_id=440"},"modified":"2012-01-13T15:37:44","modified_gmt":"2012-01-13T15:37:44","slug":"zivis-auf-der-demo","status":"publish","type":"page","link":"https:\/\/at.rechtsinfokollektiv.org\/?page_id=440","title":{"rendered":"Zivis auf der Demo"},"content":{"rendered":"<p>Geschrieben von Stefan H.<\/p>\n<p>Bei den meisten linken Demos ist nicht die eigentliche Versammlungsbeh\u00f6rde, sondern das jeweilige Landesamt f\u00fcr Verfassungsschutz und Terrorismusbek\u00e4mpfung (LVT) f\u00fcr die Einsatzleitung zust\u00e4ndig. Die Demo wird in diesen F\u00e4llen meist von einigen LVT-Beamt_innen in Zivilkleidung begleitet werden. Hier als Beispiele von at.indymedia: in Wien <a title=\"at.indymedia: Foto vom 8.6.2011, Wien\" href=\"https:\/\/at.indymedia.org\/files\/imagecache\/full\/pictures\/20707\/9937.jpg\" target=\"_blank\">Foto vom 8.6.2011<\/a> und <a title=\"at.indymedia: Foto vom 7.7.2010, Wien\" href=\"https:\/\/at.indymedia.org\/files\/imagecache\/full\/pictures\/18595\/8661.JPG\" target=\"_blank\">7.7.2010<\/a>. Anzumerken ist, dass die Beamt_innen des Verfassungsschutzes in der Regel immer in Zivilkleidung unterwegs sind und eigentlich nie eine Polizleiuniform tragen.<\/p>\n<p>In diesen F\u00e4llen beschr\u00e4nkt sich die T\u00e4tigkeit des Verfassungsschutzes in der Regel darauf die Demo und Teilnehmer_innen von au\u00dferhalb der Demo zu beobachten um so einen \u00dcberblick \u00fcber die anwesenden Menschen und Gruppen und deren Aktivit\u00e4t bei der Demo zu bekommen. Dies soll jedoch nicht hei\u00dfen, dass nicht auch Zivis in der Demo mitgehen k\u00f6nnten. Dies kann eigentlich nie ausgeschlossen werden.<\/p>\n<p>Die Polizei setzt bei linken Demos aber auch gezielt Zivis zur Beobachtung, Informationsgewinnung und Unterwanderung der Demo ein. Dies dient aus Sicht der Polizei einerseits der Informationsgewinnung um zu erfahren was die Demo oder <a title=\"Bezugsgruppen\" href=\"http:\/\/at.rechtsinfokollektiv.org\/rechtsinfo\/demo-teilnahme\/vor-der-demo-demo-teilnahme\/bezugsgruppen\/\" target=\"_blank\">Bezugsgruppen<\/a> vor haben, als auch zur Vorbereitung von <a title=\"Festnahme\" href=\"http:\/\/at.rechtsinfokollektiv.org\/rechtsinfo\/demo-teilnahme\/was-darf-die-polizei\/festnahme\/\" target=\"_blank\">Verhaftungen<\/a>.<\/p>\n<p>Zivis beobachten und dokumentieren Demoteilnehmer_innen auf der Demo und geben diese Beschreibung an uniformierte Polizist_innen weiter. Sobald die betreffende Demoteilnehmer_in die Demomenge verl\u00e4sst und so eine Verhaftung einfacher m\u00f6glich ist, wird die Person festgenommen.<br \/>\nZivis versuchen\u00a0dich auch manchmal in Gespr\u00e4che zu verwickeln um so Infos \u00fcber dich oder die Demo raus zu finden. Aber nicht jede_r Fremde, der oder die dich auf einer Demo anspricht ist ein Zivi! Achte daher bei Gespr\u00e4chen einfach bewusst darauf, was du sagst und was eben nicht.<\/p>\n<p>Diese Zivis sind meist nicht vom Verfassungsschutz, sondern &#8222;normale&#8220; Polizist_innen in Zivilkleidung. In der Regel sind diese Zivis nicht von den anderen Demoteilnehmer_innen unterscheidbar und werden wie du auf der Demo angezogen sein (zB: <a title=\"wientv.org: Video von R\u00e4umung epizentrum, Wien 2011\" href=\"https:\/\/www.youtube.com\/watch?v=_GEKbxfERJs&amp;feature=related-EBKvVs#t=03m00s\" target=\"_blank\">Zivi bei der R\u00e4umung des epizentrums<\/a>)! Manchmal werden Zivilpolizist_innen jedoch an der Verkabelung zwecks Funk-Kommunikation am Ohr erkennbar sein, aber nicht alle Zivis tragen eine derartige Verkabelung! Zum Teil werden Zivis auch mit <a title=\"Foto- und Video\u00fcberwachung auf Demos\" href=\"http:\/\/at.rechtsinfokollektiv.org\/demonstration\/demo-teilnahme\/was-darf-die-polizei\/foto-und-videouberwachung-auf-demos\/\">Video- oder Fotokameras <\/a>unterwegs sein.<\/p>\n<p><em>Zum Weiterlesen:<\/em> <a title=\"anarchismus.at: Spitzel und Provokateure\" href=\"https:\/\/www.anarchismus.at\/tipps-und-tricks\/demonstrationen-und-ueberwachung\/229-moeglichkeiten-polizeilicher-repression-spitzel-und-provokateure\" target=\"_blank\">M\u00f6glichkeiten polizeilicher Repression (3) &#8211; Spitzel und Provokateure<\/a><\/p>\n<p>Zur \u00dcberwachung auf Demos siehe auch:<\/p>\n<ul>\n<li><a title=\"Foto- und Video\u00fcberwachung auf Demos\" href=\"http:\/\/at.rechtsinfokollektiv.org\/rechtsinfo\/demo-teilnahme\/was-darf-die-polizei\/foto-und-videouberwachung-auf-demos\/\" target=\"_blank\">Foto- und Video\u00fcberwachung auf Demos<\/a><\/li>\n<li><a title=\"\u00dcberwachung mit IMSI Catchern\" href=\"http:\/\/at.rechtsinfokollektiv.org\/rechtsinfo\/demo-teilnahme\/was-darf-die-polizei\/uberwachung-mit-imsi-catchern\/\" target=\"_blank\">\u00dcberwachung mit IMSI Catchern<\/a><\/li>\n<\/ul>\n","protected":false},"excerpt":{"rendered":"<p>Geschrieben von Stefan H. Bei den meisten linken Demos ist nicht die eigentliche Versammlungsbeh\u00f6rde, sondern das jeweilige Landesamt f\u00fcr Verfassungsschutz und Terrorismusbek\u00e4mpfung (LVT) f\u00fcr die Einsatzleitung zust\u00e4ndig. Die Demo wird in diesen F\u00e4llen meist von einigen LVT-Beamt_innen in Zivilkleidung begleitet werden. Hier als Beispiele von at.indymedia: in Wien Foto vom 8.6.2011 und 7.7.2010. Anzumerken ist, &hellip; <a href=\"https:\/\/at.rechtsinfokollektiv.org\/?page_id=440\" class=\"more-link\"><span class=\"screen-reader-text\">Zivis auf der Demo<\/span> weiterlesen <span class=\"meta-nav\">&rarr;<\/span><\/a><\/p>\n","protected":false},"author":1,"featured_media":0,"parent":238,"menu_order":0,"comment_status":"open","ping_status":"open","template":"","meta":{"footnotes":""},"class_list":["post-440","page","type-page","status-publish","hentry"],"_links":{"self":[{"href":"https:\/\/at.rechtsinfokollektiv.org\/index.php?rest_route=\/wp\/v2\/pages\/440","targetHints":{"allow":["GET"]}}],"collection":[{"href":"https:\/\/at.rechtsinfokollektiv.org\/index.php?rest_route=\/wp\/v2\/pages"}],"about":[{"href":"https:\/\/at.rechtsinfokollektiv.org\/index.php?rest_route=\/wp\/v2\/types\/page"}],"author":[{"embeddable":true,"href":"https:\/\/at.rechtsinfokollektiv.org\/index.php?rest_route=\/wp\/v2\/users\/1"}],"replies":[{"embeddable":true,"href":"https:\/\/at.rechtsinfokollektiv.org\/index.php?rest_route=%2Fwp%2Fv2%2Fcomments&post=440"}],"version-history":[{"count":0,"href":"https:\/\/at.rechtsinfokollektiv.org\/index.php?rest_route=\/wp\/v2\/pages\/440\/revisions"}],"up":[{"embeddable":true,"href":"https:\/\/at.rechtsinfokollektiv.org\/index.php?rest_route=\/wp\/v2\/pages\/238"}],"wp:attachment":[{"href":"https:\/\/at.rechtsinfokollektiv.org\/index.php?rest_route=%2Fwp%2Fv2%2Fmedia&parent=440"}],"curies":[{"name":"wp","href":"https:\/\/api.w.org\/{rel}","templated":true}]}}

<p>Geschrieben von Stefan H.</p>
<p>Bei den meisten linken Demos ist nicht die eigentliche Versammlungsbehörde, sondern das jeweilige Landesamt für Verfassungsschutz und Terrorismusbekämpfung (LVT) für die Einsatzleitung zuständig. Die Demo wird in diesen Fällen meist von einigen LVT-Beamt_innen in Zivilkleidung begleitet werden. Hier als Beispiele von at.indymedia: in Wien <a title="at.indymedia: Foto vom 8.6.2011, Wien" href="https://at.indymedia.org/files/imagecache/full/pictures/20707/9937.jpg" target="_blank">Foto vom 8.6.2011</a> und <a title="at.indymedia: Foto vom 7.7.2010, Wien" href="https://at.indymedia.org/files/imagecache/full/pictures/18595/8661.JPG" target="_blank">7.7.2010</a>. Anzumerken ist, dass die Beamt_innen des Verfassungsschutzes in der Regel immer in Zivilkleidung unterwegs sind und eigentlich nie eine Polizleiuniform tragen.</p>
<p>In diesen Fällen beschränkt sich die Tätigkeit des Verfassungsschutzes in der Regel darauf die Demo und Teilnehmer_innen von außerhalb der Demo zu beobachten um so einen Überblick über die anwesenden Menschen und Gruppen und deren Aktivität bei der Demo zu bekommen. Dies soll jedoch nicht heißen, dass nicht auch Zivis in der Demo mitgehen könnten. Dies kann eigentlich nie ausgeschlossen werden.</p>
<p>Die Polizei setzt bei linken Demos aber auch gezielt Zivis zur Beobachtung, Informationsgewinnung und Unterwanderung der Demo ein. Dies dient aus Sicht der Polizei einerseits der Informationsgewinnung um zu erfahren was die Demo oder <a title="Bezugsgruppen" href="http://at.rechtsinfokollektiv.org/rechtsinfo/demo-teilnahme/vor-der-demo-demo-teilnahme/bezugsgruppen/" target="_blank">Bezugsgruppen</a> vor haben, als auch zur Vorbereitung von <a title="Festnahme" href="http://at.rechtsinfokollektiv.org/rechtsinfo/demo-teilnahme/was-darf-die-polizei/festnahme/" target="_blank">Verhaftungen</a>.</p>
<p>Zivis beobachten und dokumentieren Demoteilnehmer_innen auf der Demo und geben diese Beschreibung an uniformierte Polizist_innen weiter. Sobald die betreffende Demoteilnehmer_in die Demomenge verlässt und so eine Verhaftung einfacher möglich ist, wird die Person festgenommen.<br />
Zivis versuchen dich auch manchmal in Gespräche zu verwickeln um so Infos über dich oder die Demo raus zu finden. Aber nicht jede_r Fremde, der oder die dich auf einer Demo anspricht ist ein Zivi! Achte daher bei Gesprächen einfach bewusst darauf, was du sagst und was eben nicht.</p>
<p>Diese Zivis sind meist nicht vom Verfassungsschutz, sondern &#8222;normale&#8220; Polizist_innen in Zivilkleidung. In der Regel sind diese Zivis nicht von den anderen Demoteilnehmer_innen unterscheidbar und werden wie du auf der Demo angezogen sein (zB: <a title="wientv.org: Video von Räumung epizentrum, Wien 2011" href="https://www.youtube.com/watch?v=_GEKbxfERJs&amp;feature=related-EBKvVs#t=03m00s" target="_blank">Zivi bei der Räumung des epizentrums</a>)! Manchmal werden Zivilpolizist_innen jedoch an der Verkabelung zwecks Funk-Kommunikation am Ohr erkennbar sein, aber nicht alle Zivis tragen eine derartige Verkabelung! Zum Teil werden Zivis auch mit <a title="Foto- und Videoüberwachung auf Demos" href="http://at.rechtsinfokollektiv.org/demonstration/demo-teilnahme/was-darf-die-polizei/foto-und-videouberwachung-auf-demos/">Video- oder Fotokameras </a>unterwegs sein.</p>
<p><em>Zum Weiterlesen:</em> <a title="anarchismus.at: Spitzel und Provokateure" href="https://www.anarchismus.at/tipps-und-tricks/demonstrationen-und-ueberwachung/229-moeglichkeiten-polizeilicher-repression-spitzel-und-provokateure" target="_blank">Möglichkeiten polizeilicher Repression (3) &#8211; Spitzel und Provokateure</a></p>
<p>Zur Überwachung auf Demos siehe auch:</p>
<ul>
<li><a title="Foto- und Videoüberwachung auf Demos" href="http://at.rechtsinfokollektiv.org/rechtsinfo/demo-teilnahme/was-darf-die-polizei/foto-und-videouberwachung-auf-demos/" target="_blank">Foto- und Videoüberwachung auf Demos</a></li>
<li><a title="Überwachung mit IMSI Catchern" href="http://at.rechtsinfokollektiv.org/rechtsinfo/demo-teilnahme/was-darf-die-polizei/uberwachung-mit-imsi-catchern/" target="_blank">Überwachung mit IMSI Catchern</a></li>
</ul>

<p>Geschrieben von Stefan H. Bei den meisten linken Demos ist nicht die eigentliche Versammlungsbehörde, sondern das jeweilige Landesamt für Verfassungsschutz und Terrorismusbekämpfung (LVT) für die Einsatzleitung zuständig. Die Demo wird in diesen Fällen meist von einigen LVT-Beamt_innen in Zivilkleidung begleitet werden. Hier als Beispiele von at.indymedia: in Wien Foto vom 8.6.2011 und 7.7.2010. Anzumerken ist, &hellip; <a href="https://at.rechtsinfokollektiv.org/?page_id=440" class="more-link"><span class="screen-reader-text">Zivis auf der Demo</span> weiterlesen <span class="meta-nav">&rarr;</span></a></p>
