{"id":855,"date":"2012-02-28T21:39:01","date_gmt":"2012-02-28T21:39:01","guid":{"rendered":"http:\/\/at.rechtsinfokollektiv.org\/?page_id=855"},"modified":"2025-10-12T19:56:12","modified_gmt":"2025-10-12T17:56:12","slug":"links","status":"publish","type":"page","link":"https:\/\/at.rechtsinfokollektiv.org\/?page_id=855","title":{"rendered":"Links"},"content":{"rendered":"<h1>Antirep\/Rechtshilfe Gruppen in \u00d6sterreich<\/h1>\n<p><strong>Wien:<\/strong><\/p>\n<ul>\n<li><a href=\"https:\/\/rotehilfe.wien\/hallo\/\">Rote Hilfe Wien<\/a><\/li>\n<li><a title=\"Soli Gruppe Wien\" href=\"http:\/\/www.solidaritaetsgruppe.org\/\">Solidarit\u00e4tsgruppe Wien: kostenlose Rechtsberatung jeden ersten Dienstag im Monat<\/a><\/li>\n<li><a href=\"http:\/\/www.deserteursberatung.at\/\">Deserteurs- und Fl\u00fcchtlingsberatung<\/a> Wien: Jeden Mittwoch kostenlose Rechtsberatung in Asyl- und Fremdenrecht (auf der Seite finden sich viele weiter n\u00fcztliche Links!)<\/li>\n<li><a href=\"http:\/\/www.ehe-ohne-grenzen.at\/\">Ehe ohne Grenzen<\/a> bietet Informationen\/Unterst\u00fcrzung f\u00fcr binationale Paare<\/li>\n<li><a href=\"http:\/\/www.bettellobby.at\/wien\/rechtshilfe\/?where=wien\">Die Bettellobby<\/a>: mehrsprachige Infos und Rechtshilfe-Treffen in Wien f\u00fcr Bettler_innen<\/li>\n<li><a href=\"http:\/\/www.rechtshilfe-rapid.at\/\">Rechtshilfe Rapid<\/a> unterst\u00fctzt Rapid-Fans bei rechtlichen Angelegenheiten &#8211; auf der Seite gibt\u2019s auch gute Texte zu bestimmten Gesetzen<\/li>\n<li><a href=\"http:\/\/www.abc-wien.net\/\">Anarchist Black Cross Wien<\/a><\/li>\n<\/ul>\n<p><strong>Graz:<\/strong><\/p>\n<ul>\n<li><a href=\"https:\/\/rhgraz.noblogs.org\">Rechtshilfe Graz<\/a><\/li>\n<\/ul>\n<p><strong>Antirepresseions- und\/oder Solidarit\u00e4tsgruppen bzgl. bestimmter Anl\u00e4sse:<\/strong><\/p>\n<ul>\n<li>Kontakt f\u00fcr Repressionsbetroffene bzgl. ProChoice-Demo in Salzburg 25.07.2015: rechtshilfe_sbg [\u00e4t] systemli.org<\/li>\n<li><a title=\"soli2401\" href=\"http:\/\/soli2401.blogsport.eu\/\" target=\"_blank\" rel=\"noopener\">soli2401 Solikollektiv f\u00fcr Repressionsbetroffene vom 24.01.2014<\/a><\/li>\n<li><a title=\"soli2401\" href=\"http:\/\/solidarityagainstrepression.noblogs.org\/\" target=\"_blank\" rel=\"noopener\">Solidarit\u00e4tsgruppe von acht Angeklagten in einem Schleppereiprozess http:\/\/solidarityagainstrepression.noblogs.org\/<\/a><\/li>\n<li><a href=\"http:\/\/fightrepression2010.lnxnt.org\/\">fightrepression 2010<\/a>: Soligruppe von J.A.I.B.<\/li>\n<li><a href=\"http:\/\/antirep2008.org\/\">antirep 2008<\/a>: Soligruppe im &#8222;Tierschutzprozess&#8220; wg \u00a7 278a StGB<\/li>\n<\/ul>\n<h1>Antirep\/Rechshilfe Gruppen in Deutschland<\/h1>\n<ul>\n<li><a href=\"http:\/\/www.rote-hilfe.de\/\">Rote Hilfe<\/a>\u00a0in Deutschland<\/li>\n<li><a href=\"http:\/\/ea-berlin.net\/\">Ermittlungsausschuss Berlin<\/a><\/li>\n<li><a href=\"http:\/\/www.rav.de\/\">Republikanischer Anw\u00e4ltinnen und Anw\u00e4lteverein<\/a><\/li>\n<\/ul>\n<h1>Auskunftsbegehren<\/h1>\n<ul>\n<li>Aktuelle Vorlaen f\u00fcr Auskunftsbegehren sollten auf der Webseite der <a href=\"https:\/\/www.dsb.gv.at\/dokumente\">\u00f6sterreichischen Datenschutzbeh\u00f6rde<\/a> zu finden sein.<\/li>\n<\/ul>\n<h1>Datenschutz &amp; \u00dcberwachung<\/h1>\n<ul>\n<li><a href=\"http:\/\/www.argedaten.at\">ARGE DATEN<\/a> &#8211; \u00d6sterreichische Gesellschaft f\u00fcr Datenschutz<\/li>\n<li><a href=\"http:\/\/www.unwatched.org\/\">unwachted.org<\/a> &#8211; das Datenschutzportal<\/li>\n<li><a href=\"http:\/\/akvorrat.at\/\">AK-Vorrat &#8211;\u00a0Arbeitskreis Vorratsdatenspeicherung \u00d6sterreich<\/a><\/li>\n<li><a href=\"http:\/\/www.freiheit-statt-angst.org\/\">Freiheit statt Angst \u00d6sterreich<\/a><\/li>\n<li><a href=\"https:\/\/zeichnemit.at\/\">zeichnemit.at<\/a> &#8211; Unterschriftenaktion gegen die Vorratsdatenspeicherung<\/li>\n<li><a href=\"https:\/\/www.verfassungsklage.at\/\">verfassungsklage.at<\/a> &#8211; Initiative f\u00fcr eine Massenklage beim Verfassungsgerichtshof gegen die Vorratsdatenspeicherung<\/li>\n<li><a href=\"http:\/\/www.ueberwacht.at\/\">ueberwacht.at<\/a> &#8211; Plattform gegen den \u00dcberwachungsstaat<\/li>\n<\/ul>\n<h1>Computersicherheit<\/h1>\n<ul>\n<li><a href=\"https:\/\/fit-fuer-aktion.wiki\">Fit f\u00fcr Aktion<\/a> &#8211; Wiki unter Anderem mit ausf\u00fchrlicher Hilfestellung zu Digitaler Sicherheit<\/li>\n<li><a href=\"http:\/\/techbabbel.raw.at\/\" target=\"_blank\" rel=\"noopener\">tech:babbel<\/a> &#8211; Raum f\u00fcr Auseinandersetzung mit Computern, Technologien und Netzpolitik<\/li>\n<li><a href=\"https:\/\/metalab.at\/\" target=\"_blank\" rel=\"noopener\">metalab Wien<\/a><\/li>\n<li><a href=\"https:\/\/we.riseup.net\/clab\" target=\"_blank\" rel=\"noopener\">clab<\/a> &#8211; Selbsthilfewerkstatt, Workshops, Kaffeekr\u00e4nzchen und Computerlabor.<\/li>\n<\/ul>\n<h1>Links zu Lesematerialien<\/h1>\n<ul>\n<li><a href=\"http:\/\/www.anarchismus.at\/tipps-und-tricks\">anarchismus.at<\/a> Infos zu DIY, Demos und Rechtshilfe<\/li>\n<li><a href=\"http:\/\/no-racism.net\/rechtshilfe\">no-racism.net<\/a> zu Rechtshilfe<\/li>\n<li><a href=\"http:\/\/no-racism.net\/rubrik\/241\/\">no-racism.net<\/a> zum Versammlungsrecht<\/li>\n<li><a href=\"http:\/\/no-racism.net\/rubrik\/200\">no-racism.net<\/a> zu politischen Gefangenen<\/li>\n<li><a title=\"euro-police\" href=\"http:\/\/euro-police.noblogs.org\/\" target=\"_blank\" rel=\"noopener\">euro-police<\/a> Monitoring European Police!<\/li>\n<li><a title=\"gipfelsoli.org\" href=\"http:\/\/gipfelsoli.org\/\" target=\"_blank\" rel=\"noopener\">gipfelsoli.org<\/a> Summit Protests Archive<\/li>\n<li><a href=\"http:\/\/ask.noblogs.org\/\">Aktion Schwarze Katze<\/a> rechtliche Infos zu Besetzungen<\/li>\n<li><a href=\"http:\/\/umsganze.org\/tips-tricks-rechtliche-besonderheiten-in-oesterreich\/\">Rechtsinfos f\u00fcr \u00d6sterreich vom umsganze B\u00fcndnis<\/a><\/li>\n<li><a href=\"http:\/\/schmecks.noblogs.org\/?s=wiener+linien\">gute Texte zum Thema &#8222;Schwarzfahren&#8220;<\/a>: &#8211; bevor ihr zahlt lest erst mal die!<\/li>\n<\/ul>\n<h1>Gesetzestexte<\/h1>\n<ul>\n<li><a title=\"Rechtsinformationssystem RIS\" href=\"http:\/\/ris.bka.gv.at\">Rechtsinformationssystem RIS<\/a> offizielle Ver\u00f6ffentlichung aller \u00f6sterreichischen Bundesgesetze und diverser h\u00f6chstgerichtlicher Urteile mit Suchfunktion<\/li>\n<\/ul>\n","protected":false},"excerpt":{"rendered":"<p>Antirep\/Rechtshilfe Gruppen in \u00d6sterreich Wien: Rote Hilfe Wien Solidarit\u00e4tsgruppe Wien: kostenlose Rechtsberatung jeden ersten Dienstag im Monat Deserteurs- und Fl\u00fcchtlingsberatung Wien: Jeden Mittwoch kostenlose Rechtsberatung in Asyl- und Fremdenrecht (auf der Seite finden sich viele weiter n\u00fcztliche Links!) Ehe ohne Grenzen bietet Informationen\/Unterst\u00fcrzung f\u00fcr binationale Paare Die Bettellobby: mehrsprachige Infos und Rechtshilfe-Treffen in Wien f\u00fcr &hellip; <a href=\"https:\/\/at.rechtsinfokollektiv.org\/?page_id=855\" class=\"more-link\"><span class=\"screen-reader-text\">Links<\/span> weiterlesen <span class=\"meta-nav\">&rarr;<\/span><\/a><\/p>\n","protected":false},"author":1,"featured_media":0,"parent":0,"menu_order":0,"comment_status":"open","ping_status":"open","template":"","meta":{"footnotes":""},"class_list":["post-855","page","type-page","status-publish","hentry"],"_links":{"self":[{"href":"https:\/\/at.rechtsinfokollektiv.org\/index.php?rest_route=\/wp\/v2\/pages\/855","targetHints":{"allow":["GET"]}}],"collection":[{"href":"https:\/\/at.rechtsinfokollektiv.org\/index.php?rest_route=\/wp\/v2\/pages"}],"about":[{"href":"https:\/\/at.rechtsinfokollektiv.org\/index.php?rest_route=\/wp\/v2\/types\/page"}],"author":[{"embeddable":true,"href":"https:\/\/at.rechtsinfokollektiv.org\/index.php?rest_route=\/wp\/v2\/users\/1"}],"replies":[{"embeddable":true,"href":"https:\/\/at.rechtsinfokollektiv.org\/index.php?rest_route=%2Fwp%2Fv2%2Fcomments&post=855"}],"version-history":[{"count":5,"href":"https:\/\/at.rechtsinfokollektiv.org\/index.php?rest_route=\/wp\/v2\/pages\/855\/revisions"}],"predecessor-version":[{"id":3512,"href":"https:\/\/at.rechtsinfokollektiv.org\/index.php?rest_route=\/wp\/v2\/pages\/855\/revisions\/3512"}],"wp:attachment":[{"href":"https:\/\/at.rechtsinfokollektiv.org\/index.php?rest_route=%2Fwp%2Fv2%2Fmedia&parent=855"}],"curies":[{"name":"wp","href":"https:\/\/api.w.org\/{rel}","templated":true}]}}